{"id":648,"date":"2020-09-02T10:38:58","date_gmt":"2020-09-02T08:38:58","guid":{"rendered":"https:\/\/egewe.fr\/?page_id=648"},"modified":"2022-01-08T16:45:44","modified_gmt":"2022-01-08T15:45:44","slug":"information-covid-19","status":"publish","type":"page","link":"https:\/\/egewe.fr\/index.php\/information-covid-19\/","title":{"rendered":"Information COVID-19"},"content":{"rendered":"<div data-colibri-id=\"648-c1\" class=\"style-523 style-local-648-c1 position-relative\">\r\n  <!---->\r\n  <div data-colibri-component=\"section\" data-colibri-id=\"648-c2\" id=\"custom\" class=\"h-section h-section-global-spacing d-flex align-items-lg-center align-items-md-center align-items-center style-524 style-local-648-c2 position-relative\">\r\n    <!---->\r\n    <!---->\r\n    <div class=\"h-section-grid-container h-section-boxed-container\">\r\n      <!---->\r\n      <div data-colibri-id=\"648-c3\" class=\"h-row-container gutters-row-lg-0 gutters-row-md-0 gutters-row-0 gutters-row-v-lg-0 gutters-row-v-md-0 gutters-row-v-0 style-525 style-local-648-c3 position-relative\">\r\n        <!---->\r\n        <div class=\"h-row justify-content-lg-center justify-content-md-center justify-content-center align-items-lg-stretch align-items-md-stretch align-items-stretch gutters-col-lg-0 gutters-col-md-0 gutters-col-0 gutters-col-v-lg-0 gutters-col-v-md-0 gutters-col-v-0\">\r\n          <!---->\r\n          <div class=\"h-column h-column-container d-flex h-col-lg-auto h-col-md-auto h-col-auto style-526-outer style-local-648-c4-outer\">\r\n            <div data-colibri-id=\"648-c4\" class=\"d-flex h-flex-basis h-column__inner h-px-lg-1 h-px-md-1 h-px-1 v-inner-lg-1 v-inner-md-1 v-inner-1 style-526 style-local-648-c4 position-relative\">\r\n              <!---->\r\n              <!---->\r\n              <div class=\"w-100 h-y-container h-column__content h-column__v-align flex-basis-100 align-self-lg-start align-self-md-start align-self-start\">\r\n                <!---->\r\n                <div data-colibri-id=\"648-c5\" class=\"h-global-transition-all h-heading style-567 style-local-648-c5 position-relative h-element\">\r\n                  <!---->\r\n                  <div class=\"h-heading__outer style-567 style-local-648-c5\">\r\n                    <!---->\r\n                    <!---->\r\n                    <h5 class=\"\">En raison des mesures gouvernementales les cultes ne se feront plus en pr\u00e9sentiel jusqu&rsquo;\u00e0 nouvel ordre.<\/h5>\r\n                  <\/div>\r\n                <\/div>\r\n                <div data-colibri-id=\"648-c6\" class=\"h-text h-text-component style-527 style-local-648-c6 position-relative h-element\">\r\n                  <!---->\r\n                  <!---->\r\n                  <div class=\"\">\r\n                    <p>Suite aux annonces pr\u00e9sidentielles du 28 octobre 2020, nous avons le regret de vous annoncer que les activit\u00e9s de l\u2019\u00e9glise (culte, groupes partage, groupes de maison, groupe de jeunes\u2026) ne se feront plus en pr\u00e9sentiel.<\/p>\r\n                    <p>Cependant, nous encourageons les diff\u00e9rents groupes \u00e0 poursuivre par visioconf\u00e9rence.<\/p>\r\n                    <p>Nous vous tiendrons inform\u00e9s de la suite des \u00e9v\u00e9nements en fonction des informations compl\u00e9mentaires que nous aurons.<\/p>\r\n                  <\/div>\r\n                <\/div>\r\n              <\/div>\r\n            <\/div>\r\n          <\/div>\r\n        <\/div>\r\n      <\/div>\r\n    <\/div>\r\n  <\/div>\r\n<\/div>","protected":false},"excerpt":{"rendered":"<p>En raison des mesures gouvernementales les cultes ne se feront plus en pr\u00e9sentiel jusqu&rsquo;\u00e0 nouvel ordre. Suite aux annonces pr\u00e9sidentielles du 28 octobre 2020, nous avons le regret de vous [&hellip;]<\/p>\n","protected":false},"author":3,"featured_media":0,"parent":0,"menu_order":0,"comment_status":"closed","ping_status":"closed","template":"page-templates\/full-width-page.php","meta":{"_EventAllDay":false,"_EventTimezone":"","_EventStartDate":"","_EventEndDate":"","_EventStartDateUTC":"","_EventEndDateUTC":"","_EventShowMap":false,"_EventShowMapLink":false,"_EventURL":"","_EventCost":"","_EventCostDescription":"","_EventCurrencySymbol":"","_EventCurrencyCode":"","_EventCurrencyPosition":"","_EventDateTimeSeparator":"","_EventTimeRangeSeparator":"","_EventOrganizerID":[],"_EventVenueID":[],"_OrganizerEmail":"","_OrganizerPhone":"","_OrganizerWebsite":"","_VenueAddress":"","_VenueCity":"","_VenueCountry":"","_VenueProvince":"","_VenueState":"","_VenueZip":"","_VenuePhone":"","_VenueURL":"","_VenueStateProvince":"","_VenueLat":"","_VenueLng":"","_VenueShowMap":false,"_VenueShowMapLink":false,"footnotes":""},"class_list":["post-648","page","type-page","status-publish","hentry"],"yoast_head":"<!-- This site is optimized with the Yoast SEO plugin v27.5 - https:\/\/yoast.com\/product\/yoast-seo-wordpress\/ -->\n<title>Information COVID-19 - \u00c9glise \u00c9vang\u00e9lique de Weislingen<\/title>\n<meta name=\"robots\" content=\"index, follow, max-snippet:-1, max-image-preview:large, max-video-preview:-1\" \/>\n<link rel=\"canonical\" href=\"https:\/\/egewe.fr\/index.php\/information-covid-19\/\" \/>\n<meta property=\"og:locale\" content=\"fr_FR\" \/>\n<meta property=\"og:type\" content=\"article\" \/>\n<meta property=\"og:title\" content=\"Information COVID-19 - \u00c9glise \u00c9vang\u00e9lique de Weislingen\" \/>\n<meta property=\"og:description\" content=\"En raison des mesures gouvernementales les cultes ne se feront plus en pr\u00e9sentiel jusqu&rsquo;\u00e0 nouvel ordre. Suite aux annonces pr\u00e9sidentielles du 28 octobre 2020, nous avons le regret de vous [&hellip;]\" \/>\n<meta property=\"og:url\" content=\"https:\/\/egewe.fr\/index.php\/information-covid-19\/\" \/>\n<meta property=\"og:site_name\" content=\"\u00c9glise \u00c9vang\u00e9lique de Weislingen\" \/>\n<meta property=\"article:modified_time\" content=\"2022-01-08T15:45:44+00:00\" \/>\n<meta name=\"twitter:card\" content=\"summary_large_image\" \/>\n<script type=\"application\/ld+json\" class=\"yoast-schema-graph\">{\"@context\":\"https:\\\/\\\/schema.org\",\"@graph\":[{\"@type\":\"WebPage\",\"@id\":\"https:\\\/\\\/egewe.fr\\\/index.php\\\/information-covid-19\\\/\",\"url\":\"https:\\\/\\\/egewe.fr\\\/index.php\\\/information-covid-19\\\/\",\"name\":\"Information COVID-19 - \u00c9glise \u00c9vang\u00e9lique de Weislingen\",\"isPartOf\":{\"@id\":\"https:\\\/\\\/egewe.fr\\\/#website\"},\"datePublished\":\"2020-09-02T08:38:58+00:00\",\"dateModified\":\"2022-01-08T15:45:44+00:00\",\"breadcrumb\":{\"@id\":\"https:\\\/\\\/egewe.fr\\\/index.php\\\/information-covid-19\\\/#breadcrumb\"},\"inLanguage\":\"fr-FR\",\"potentialAction\":[{\"@type\":\"ReadAction\",\"target\":[\"https:\\\/\\\/egewe.fr\\\/index.php\\\/information-covid-19\\\/\"]}]},{\"@type\":\"BreadcrumbList\",\"@id\":\"https:\\\/\\\/egewe.fr\\\/index.php\\\/information-covid-19\\\/#breadcrumb\",\"itemListElement\":[{\"@type\":\"ListItem\",\"position\":1,\"name\":\"Accueil\",\"item\":\"https:\\\/\\\/egewe.fr\\\/\"},{\"@type\":\"ListItem\",\"position\":2,\"name\":\"Information COVID-19\"}]},{\"@type\":\"WebSite\",\"@id\":\"https:\\\/\\\/egewe.fr\\\/#website\",\"url\":\"https:\\\/\\\/egewe.fr\\\/\",\"name\":\"\u00c9glise \u00c9vang\u00e9lique de Weislingen\",\"description\":\"\",\"publisher\":{\"@id\":\"https:\\\/\\\/egewe.fr\\\/#organization\"},\"potentialAction\":[{\"@type\":\"SearchAction\",\"target\":{\"@type\":\"EntryPoint\",\"urlTemplate\":\"https:\\\/\\\/egewe.fr\\\/?s={search_term_string}\"},\"query-input\":{\"@type\":\"PropertyValueSpecification\",\"valueRequired\":true,\"valueName\":\"search_term_string\"}}],\"inLanguage\":\"fr-FR\"},{\"@type\":\"Organization\",\"@id\":\"https:\\\/\\\/egewe.fr\\\/#organization\",\"name\":\"\u00c9glise \u00c9vang\u00e9lique de Weislingen\",\"url\":\"https:\\\/\\\/egewe.fr\\\/\",\"logo\":{\"@type\":\"ImageObject\",\"inLanguage\":\"fr-FR\",\"@id\":\"https:\\\/\\\/egewe.fr\\\/#\\\/schema\\\/logo\\\/image\\\/\",\"url\":\"https:\\\/\\\/egewe.fr\\\/wp-content\\\/uploads\\\/2026\\\/03\\\/Eglise-Evangelique-de-Weislingen.png\",\"contentUrl\":\"https:\\\/\\\/egewe.fr\\\/wp-content\\\/uploads\\\/2026\\\/03\\\/Eglise-Evangelique-de-Weislingen.png\",\"width\":1187,\"height\":264,\"caption\":\"\u00c9glise \u00c9vang\u00e9lique de Weislingen\"},\"image\":{\"@id\":\"https:\\\/\\\/egewe.fr\\\/#\\\/schema\\\/logo\\\/image\\\/\"}}]}<\/script>\n<!-- \/ Yoast SEO plugin. -->","yoast_head_json":{"title":"Information COVID-19 - \u00c9glise \u00c9vang\u00e9lique de Weislingen","robots":{"index":"index","follow":"follow","max-snippet":"max-snippet:-1","max-image-preview":"max-image-preview:large","max-video-preview":"max-video-preview:-1"},"canonical":"https:\/\/egewe.fr\/index.php\/information-covid-19\/","og_locale":"fr_FR","og_type":"article","og_title":"Information COVID-19 - \u00c9glise \u00c9vang\u00e9lique de Weislingen","og_description":"En raison des mesures gouvernementales les cultes ne se feront plus en pr\u00e9sentiel jusqu&rsquo;\u00e0 nouvel ordre. Suite aux annonces pr\u00e9sidentielles du 28 octobre 2020, nous avons le regret de vous [&hellip;]","og_url":"https:\/\/egewe.fr\/index.php\/information-covid-19\/","og_site_name":"\u00c9glise \u00c9vang\u00e9lique de Weislingen","article_modified_time":"2022-01-08T15:45:44+00:00","twitter_card":"summary_large_image","schema":{"@context":"https:\/\/schema.org","@graph":[{"@type":"WebPage","@id":"https:\/\/egewe.fr\/index.php\/information-covid-19\/","url":"https:\/\/egewe.fr\/index.php\/information-covid-19\/","name":"Information COVID-19 - \u00c9glise \u00c9vang\u00e9lique de Weislingen","isPartOf":{"@id":"https:\/\/egewe.fr\/#website"},"datePublished":"2020-09-02T08:38:58+00:00","dateModified":"2022-01-08T15:45:44+00:00","breadcrumb":{"@id":"https:\/\/egewe.fr\/index.php\/information-covid-19\/#breadcrumb"},"inLanguage":"fr-FR","potentialAction":[{"@type":"ReadAction","target":["https:\/\/egewe.fr\/index.php\/information-covid-19\/"]}]},{"@type":"BreadcrumbList","@id":"https:\/\/egewe.fr\/index.php\/information-covid-19\/#breadcrumb","itemListElement":[{"@type":"ListItem","position":1,"name":"Accueil","item":"https:\/\/egewe.fr\/"},{"@type":"ListItem","position":2,"name":"Information COVID-19"}]},{"@type":"WebSite","@id":"https:\/\/egewe.fr\/#website","url":"https:\/\/egewe.fr\/","name":"\u00c9glise \u00c9vang\u00e9lique de Weislingen","description":"","publisher":{"@id":"https:\/\/egewe.fr\/#organization"},"potentialAction":[{"@type":"SearchAction","target":{"@type":"EntryPoint","urlTemplate":"https:\/\/egewe.fr\/?s={search_term_string}"},"query-input":{"@type":"PropertyValueSpecification","valueRequired":true,"valueName":"search_term_string"}}],"inLanguage":"fr-FR"},{"@type":"Organization","@id":"https:\/\/egewe.fr\/#organization","name":"\u00c9glise \u00c9vang\u00e9lique de Weislingen","url":"https:\/\/egewe.fr\/","logo":{"@type":"ImageObject","inLanguage":"fr-FR","@id":"https:\/\/egewe.fr\/#\/schema\/logo\/image\/","url":"https:\/\/egewe.fr\/wp-content\/uploads\/2026\/03\/Eglise-Evangelique-de-Weislingen.png","contentUrl":"https:\/\/egewe.fr\/wp-content\/uploads\/2026\/03\/Eglise-Evangelique-de-Weislingen.png","width":1187,"height":264,"caption":"\u00c9glise \u00c9vang\u00e9lique de Weislingen"},"image":{"@id":"https:\/\/egewe.fr\/#\/schema\/logo\/image\/"}}]}},"jetpack_sharing_enabled":true,"_links":{"self":[{"href":"https:\/\/egewe.fr\/index.php\/wp-json\/wp\/v2\/pages\/648","targetHints":{"allow":["GET"]}}],"collection":[{"href":"https:\/\/egewe.fr\/index.php\/wp-json\/wp\/v2\/pages"}],"about":[{"href":"https:\/\/egewe.fr\/index.php\/wp-json\/wp\/v2\/types\/page"}],"author":[{"embeddable":true,"href":"https:\/\/egewe.fr\/index.php\/wp-json\/wp\/v2\/users\/3"}],"replies":[{"embeddable":true,"href":"https:\/\/egewe.fr\/index.php\/wp-json\/wp\/v2\/comments?post=648"}],"version-history":[{"count":9,"href":"https:\/\/egewe.fr\/index.php\/wp-json\/wp\/v2\/pages\/648\/revisions"}],"predecessor-version":[{"id":1715,"href":"https:\/\/egewe.fr\/index.php\/wp-json\/wp\/v2\/pages\/648\/revisions\/1715"}],"wp:attachment":[{"href":"https:\/\/egewe.fr\/index.php\/wp-json\/wp\/v2\/media?parent=648"}],"curies":[{"name":"wp","href":"https:\/\/api.w.org\/{rel}","templated":true}]}}

<div data-colibri-id="648-c1" class="style-523 style-local-648-c1 position-relative">
  <!---->
  <div data-colibri-component="section" data-colibri-id="648-c2" id="custom" class="h-section h-section-global-spacing d-flex align-items-lg-center align-items-md-center align-items-center style-524 style-local-648-c2 position-relative">
    <!---->
    <!---->
    <div class="h-section-grid-container h-section-boxed-container">
      <!---->
      <div data-colibri-id="648-c3" class="h-row-container gutters-row-lg-0 gutters-row-md-0 gutters-row-0 gutters-row-v-lg-0 gutters-row-v-md-0 gutters-row-v-0 style-525 style-local-648-c3 position-relative">
        <!---->
        <div class="h-row justify-content-lg-center justify-content-md-center justify-content-center align-items-lg-stretch align-items-md-stretch align-items-stretch gutters-col-lg-0 gutters-col-md-0 gutters-col-0 gutters-col-v-lg-0 gutters-col-v-md-0 gutters-col-v-0">
          <!---->
          <div class="h-column h-column-container d-flex h-col-lg-auto h-col-md-auto h-col-auto style-526-outer style-local-648-c4-outer">
            <div data-colibri-id="648-c4" class="d-flex h-flex-basis h-column__inner h-px-lg-1 h-px-md-1 h-px-1 v-inner-lg-1 v-inner-md-1 v-inner-1 style-526 style-local-648-c4 position-relative">
              <!---->
              <!---->
              <div class="w-100 h-y-container h-column__content h-column__v-align flex-basis-100 align-self-lg-start align-self-md-start align-self-start">
                <!---->
                <div data-colibri-id="648-c5" class="h-global-transition-all h-heading style-567 style-local-648-c5 position-relative h-element">
                  <!---->
                  <div class="h-heading__outer style-567 style-local-648-c5">
                    <!---->
                    <!---->
                    <h5 class="">En raison des mesures gouvernementales les cultes ne se feront plus en présentiel jusqu&rsquo;à nouvel ordre.</h5>
                  </div>
                </div>
                <div data-colibri-id="648-c6" class="h-text h-text-component style-527 style-local-648-c6 position-relative h-element">
                  <!---->
                  <!---->
                  <div class="">
                    <p>Suite aux annonces présidentielles du 28 octobre 2020, nous avons le regret de vous annoncer que les activités de l’église (culte, groupes partage, groupes de maison, groupe de jeunes…) ne se feront plus en présentiel.</p>
                    <p>Cependant, nous encourageons les différents groupes à poursuivre par visioconférence.</p>
                    <p>Nous vous tiendrons informés de la suite des événements en fonction des informations complémentaires que nous aurons.</p>
                  </div>
                </div>
              </div>
            </div>
          </div>
        </div>
      </div>
    </div>
  </div>
</div>

<p>En raison des mesures gouvernementales les cultes ne se feront plus en présentiel jusqu&rsquo;à nouvel ordre. Suite aux annonces présidentielles du 28 octobre 2020, nous avons le regret de vous [&hellip;]</p>

<!-- This site is optimized with the Yoast SEO plugin v27.5 - https://yoast.com/product/yoast-seo-wordpress/ -->
<title>Information COVID-19 - Église Évangélique de Weislingen</title>
<meta name="robots" content="index, follow, max-snippet:-1, max-image-preview:large, max-video-preview:-1" />
<link rel="canonical" href="https://egewe.fr/index.php/information-covid-19/" />
<meta property="og:locale" content="fr_FR" />
<meta property="og:type" content="article" />
<meta property="og:title" content="Information COVID-19 - Église Évangélique de Weislingen" />
<meta property="og:description" content="En raison des mesures gouvernementales les cultes ne se feront plus en présentiel jusqu&rsquo;à nouvel ordre. Suite aux annonces présidentielles du 28 octobre 2020, nous avons le regret de vous [&hellip;]" />
<meta property="og:url" content="https://egewe.fr/index.php/information-covid-19/" />
<meta property="og:site_name" content="Église Évangélique de Weislingen" />
<meta property="article:modified_time" content="2022-01-08T15:45:44+00:00" />
<meta name="twitter:card" content="summary_large_image" />
<script type="application/ld+json" class="yoast-schema-graph">{"@context":"https:\/\/schema.org","@graph":[{"@type":"WebPage","@id":"https:\/\/egewe.fr\/index.php\/information-covid-19\/","url":"https:\/\/egewe.fr\/index.php\/information-covid-19\/","name":"Information COVID-19 - Église Évangélique de Weislingen","isPartOf":{"@id":"https:\/\/egewe.fr\/#website"},"datePublished":"2020-09-02T08:38:58+00:00","dateModified":"2022-01-08T15:45:44+00:00","breadcrumb":{"@id":"https:\/\/egewe.fr\/index.php\/information-covid-19\/#breadcrumb"},"inLanguage":"fr-FR","potentialAction":[{"@type":"ReadAction","target":["https:\/\/egewe.fr\/index.php\/information-covid-19\/"]}]},{"@type":"BreadcrumbList","@id":"https:\/\/egewe.fr\/index.php\/information-covid-19\/#breadcrumb","itemListElement":[{"@type":"ListItem","position":1,"name":"Accueil","item":"https:\/\/egewe.fr\/"},{"@type":"ListItem","position":2,"name":"Information COVID-19"}]},{"@type":"WebSite","@id":"https:\/\/egewe.fr\/#website","url":"https:\/\/egewe.fr\/","name":"Église Évangélique de Weislingen","description":"","publisher":{"@id":"https:\/\/egewe.fr\/#organization"},"potentialAction":[{"@type":"SearchAction","target":{"@type":"EntryPoint","urlTemplate":"https:\/\/egewe.fr\/?s={search_term_string}"},"query-input":{"@type":"PropertyValueSpecification","valueRequired":true,"valueName":"search_term_string"}}],"inLanguage":"fr-FR"},{"@type":"Organization","@id":"https:\/\/egewe.fr\/#organization","name":"Église Évangélique de Weislingen","url":"https:\/\/egewe.fr\/","logo":{"@type":"ImageObject","inLanguage":"fr-FR","@id":"https:\/\/egewe.fr\/#\/schema\/logo\/image\/","url":"https:\/\/egewe.fr\/wp-content\/uploads\/2026\/03\/Eglise-Evangelique-de-Weislingen.png","contentUrl":"https:\/\/egewe.fr\/wp-content\/uploads\/2026\/03\/Eglise-Evangelique-de-Weislingen.png","width":1187,"height":264,"caption":"Église Évangélique de Weislingen"},"image":{"@id":"https:\/\/egewe.fr\/#\/schema\/logo\/image\/"}}]}</script>
<!-- / Yoast SEO plugin. -->

Information COVID-19 - Église Évangélique de Weislingen

En raison des mesures gouvernementales les cultes ne se feront plus en présentiel jusqu&rsquo;à nouvel ordre. Suite aux annonces présidentielles du 28 octobre 2020, nous avons le regret de vous [&hellip;]

Église Évangélique de Weislingen
